 and 2529.
9
Calculate the greatest common factor of 104 and 637.
13
Calculate the greatest common divisor of 623 and 712.
89
Calculate the highest common divisor of 923 and 5893.
71
Calculate the greatest common divisor of 154 and 518.
14
What is the highest common divisor of 35 and 16730?
35
Calculate the highest common divisor of 16 and 208.
16
Calculate the highest common factor of 129 and 1591.
43
What is the highest common divisor of 207 and 138?
69
What is the greatest common factor of 35 and 3416?
7
What is the greatest common divisor of 525 and 45?
15
What is the greatest common factor of 18 and 10386?
18
Calculate the greatest common divisor of 185 and 851.
37
Calculate the greatest common divisor of 13 and 1014.
13
Calculate the greatest common divisor of 3542 and 874.
46
What is the greatest common factor of 24 and 32?
8
Calculate the highest common divisor of 13 and 12922.
13
Calculate the greatest common factor of 752 and 423.
47
What is the highest common divisor of 2759 and 217?
31
What is the greatest common divisor of 7 and 36022?
7
Calculate the highest common factor of 715 and 195.
65
What is the highest common divisor of 4917 and 66?
33
Calculate the highest common factor of 801 and 9.
9
Calculate the highest common factor of 207 and 115.
23
Calculate the highest common divisor of 220 and 55.
55
What is the greatest common factor of 11 and 429?
11
Calculate the highest common divisor of 3 and 141.
3
What is the greatest common divisor of 325 and 31?
1
What is the highest common factor of 36 and 237?
3
Calculate the highest common divisor of 168 and 1624.
56
Calculate the highest common factor of 11221 and 1145.
229
What is the highest common factor of 200 and 3730?
10
What is the greatest common factor of 496 and 310?
62
What is the greatest common divisor of 90 and 1305?
45
What is the highest common divisor of 33 and 3?
3
What is the greatest common divisor of 190 and 76?
38
Calculate the highest common divisor of 305 and 40.
5
What is the greatest common divisor of 92 and 8?
4
What is the highest common factor of 9 and 79011?
9
Calculate the highest common divisor of 1370 and 70.
10
What is the greatest common factor of 3151 and 23?
23
What is the highest common factor of 11 and 22?
11
Calculate the greatest common factor of 4592 and 1640.
328
Calculate the greatest common divisor of 17 and 17.
17
What is the highest common factor of 900 and 135?
45
Calculate the greatest common factor of 12 and 4516.
4
Calculate the highest common factor of 2299 and 11.
11
Calculate the greatest common factor of 740 and 20.
20
What is the greatest common divisor of 224 and 368?
16
Calculate the greatest common divisor of 15 and 145.
5
Calculate the greatest common divisor of 1802 and 34.
34
What is the greatest common factor of 4575 and 366?
183
Calculate the highest common divisor of 1880 and 40.
40
What is the highest common factor of 165 and 594?
33
Calculate the highest common factor of 48 and 30512.
16
Calculate the highest common factor of 1 and 170.
1
Calculate the greatest common divisor of 10 and 190.
10
What is the greatest common factor of 171 and 25365?
57
What is the highest common factor of 5522 and 44?
22
What is the highest common factor of 24 and 1384?
8
Calculate the greatest common factor of 136 and 187.
17
Calculate the greatest common factor of 21 and 63.
21
Calculate the highest common factor of 584 and 511.
73
What is the highest common factor of 8 and 2488?
8
Calculate the highest common divisor of 23 and 46.
23
What is the greatest common factor of 28 and 896?
28
Calculate the highest common factor of 15 and 585.
15
What is the highest common factor of 1001 and 28?
7
What is the greatest common factor of 405 and 39?
3
What is the highest common factor of 720 and 8040?
120
Calculate the highest common divisor of 10 and 12.
2
What is the greatest common divisor of 82 and 79294?
82
Calculate the greatest common factor of 56 and 252.
28
What is the greatest common divisor of 196 and 7924?
28
What is the highest common factor of 852 and 12?
12
Calculate the greatest common divisor of 10 and 95.
5
Calculate the greatest common factor of 16 and 176.
16
Calculate the highest common divisor of 8028 and 36.
36
What is the highest common divisor of 484 and 308?
44
What is the greatest common divisor of 3228 and 12?
12
What is the highest common factor of 65 and 2223?
13
Calculate the highest common divisor of 100 and 20.
20
Calculate the highest common factor of 3443 and 11.
11
Calculate the highest common divisor of 69 and 322.
23
What is the highest common factor of 112 and 1316?
28
What is the greatest common divisor of 69 and 989?
23
What is the highest common factor of 48 and 276?
12
What is the highest common divisor of 1 and 289?
1
Calculate the greatest common divisor of 1127 and 49.
49
What is the greatest common factor of 29 and 35177?
29
Calculate the greatest common factor of 176 and 80.
16
What is the greatest common factor of 23608 and 104?
104
Calculate the highest common factor of 40 and 3088.
8
What is the greatest common factor of 269 and 2152?
269
Calculate the highest common divisor of 267 and 6.
3
Calculate the greatest common factor of 22 and 1001.
11
Calculate the greatest common factor of 4448 and 64.
32
What is the highest common divisor of 1798 and 62?
62
Calculate the highest common divisor of 196 and 308.
28
Calculate the highest common factor of 17069 and 845.
169
Calculate the highest common divisor of 17 and 162.
1
Calculate the highest common factor of 728 and 56.
56
What is the highest common divisor of 2 and 84?
2
Calculate the highest common divisor of 3402 and 10962.
378
What is the greatest common divisor of 125 and 10?
5
What is the highest common factor of 413 and 236?
59
Calculate the highest common divisor of 1557 and 9.
9
Calculate the highest common factor of 13231 and 202.
101
Calculate the greatest common divisor of 3120 and 546.
78
What is the highest common factor of 8 and 512?
8
What is the greatest common divisor of 9943 and 244?
61
Calculate the highest common divisor of 30 and 10.
10
Calculate the highest common factor of 33 and 627.
33
What is the greatest common factor of 66 and 12?
6
Calculate the highest common divisor of 32 and 11.
1
What is the highest common factor of 1313 and 1616?
101
What is the highest common factor of 411 and 2329?
137
What is the highest common factor of 3991 and 13?
13
Calculate the greatest common divisor of 276 and 192.
12
Calculate the highest common factor of 1763 and 215.
43
Calculate the greatest common divisor of 8 and 64.
8
Calculate the highest common divisor of 74 and 2.
2
Calculate the greatest common factor of 168 and 252.
84
What is the highest common divisor of 333 and 18?
9
What is the greatest common divisor of 765 and 180?
45
Calculate the greatest common factor of 38 and 247.
19
What is the greatest common divisor of 442 and 544?
34
Calculate the greatest common divisor of 21 and 28.
7
Calculate the highest common factor of 1800 and 375.
75
What is the highest common divisor of 60 and 1228?
4
Calculate the greatest common divisor of 741 and 57.
57
Calculate the greatest common factor of 510 and 3264.
102
What is the highest common divisor of 2975 and 238?
119
What is the greatest common factor of 36 and 448?
4
What is the greatest common divisor of 121 and 11?
11
Calculate the greatest common factor of 8397 and 1244.
311
What is the highest common divisor of 517 and 47?
47
Calculate the greatest common divisor of 177 and 3.
3
What is the highest common divisor of 38 and 133?
19
What is the greatest common factor of 288 and 18?
18
What is the greatest common divisor of 549 and 427?
61
What is the greatest common divisor of 28 and 182?
14
Calculate the greatest common factor of 72 and 171.
9
What is the greatest common divisor of 1079 and 1494?
83
What is the greatest common factor of 39 and 26442?
39
Calculate the greatest common factor of 1215 and 150.
15
Calculate the highest common divisor of 16 and 376.
8
Calculate the highest common divisor of 6 and 41880.
6
Calculate the greatest common factor of 87 and 116.
29
What is the highest common factor of 3608 and 44?
44
What is the greatest common divisor of 12745 and 5?